uppose 0 = -3*u + u - 50. Let a = -14 - u. Let n = 16 - a. What is the greatest common divisor of n and 45?
5
Suppose -4*c - v = -40, -4*c + 2 = -2*c - 4*v. Let m = c + -3. Suppose 6*b - 3*b - 72 = 0. What is the highest common divisor of b and m?
6
Suppose -5*o + 8*o - 1554 = 0. Let p = o + -295. Suppose -35 = -0*q - q + 3*l, 5*q - p = -l. What is the greatest common divisor of q and 11?
11
Let c = 44 - 28. Let u(h) = -h**2 + 3*h + 32. Let g be u(7). Calculate the greatest common divisor of g and c.
4
Let m(h) = -h**2 + 15. Let k be m(0). What is the greatest common factor of 75 and k?
15
Suppose 0 = 4*j - 367 + 55. Calculate the greatest common divisor of 26 and j.
26
Let j = 39 + 31. Let l(k) = k**3 + 6*k**2 + 2*k - 5. Let a be l(-5). Calculate the highest common divisor of j and a.
10
Let y(o) = o**2 + 2*o. Let f be y(11). Let d = -62 - -100. Suppose 4*a - d = -2*l, l + l - 14 = 4*a. Calculate the greatest common divisor of f and l.
13
Let y = 116 + -104. What is the highest common factor of y and 48?
12
Let r(d) = -8*d - 6. Let g be r(-5). Suppose -g = -4*l - 2. What is the highest common divisor of l and 56?
8
Suppose -5*q = 5*j - 40, 5*q - 35 = -3*j - j. Suppose 58 = 3*p - f + 3*f, j*p - 102 = 2*f. What is the highest common factor of p and 20?
20
Let y(o) = o + 16. Let c be y(-7). Suppose 0*g - 3*g = -c. Suppose -g*h = h - 32. Calculate the highest common divisor of 20 and h.
4
Suppose -v - 6*m = -3*m - 25, 5*m = 5*v - 25. Let x be (-2)/v - (-828)/15. What is the highest common divisor of x and 11?
11
Let s = -5 - -5. Let v(w) = w**2 + 9 - 3*w**2 + s*w**3 + w**3 + 12*w**2. Let g be v(-10). What is the greatest common divisor of g and 1?
1
Let l(a) = -11*a - 110. Let z be l(-27). Calculate the greatest common factor of 22 and z.
11
Let w(d) = d**2 + 6*d + 1. Let c be w(4). What is the highest common divisor of 287 and c?
41
Suppose g + 2*i = 6, -2*g - 5*i + 7 = -4. Suppose -60 = 4*y - 19*y. Calculate the greatest common factor of y and g.
4
Suppose -5*i = -0*i - 125. What is the greatest common divisor of i and 50?
25
Suppose 0 = 4*w - 81 + 9. Let s = w + -9. Suppose -3*j - 1 = -4. What is the greatest common divisor of j and s?
1
Suppose 5*v + v - 144 = 0. Calculate the greatest common divisor of 3 and v.
3
Let x(y) = 14*y - 7*y - 1 - 5*y + y**3. Let v(q) = q**3 - 6*q**2 + 6*q - 4. Let a be v(5). Let n be x(a). What is the greatest common divisor of n and 22?
2
Suppose -f - 12 = -2*f - z, 0 = 3*f + 4*z - 40. Calculate the greatest common factor of 32 and f.
8
Let d(y) = 4*y - 48. Let c be d(14). Let o be -2 - ((-1)/1 - 41). What is the greatest common factor of o and c?
8
Suppose -j = 4*j + 4*k - 14, -k - 1 = -j. Let p be ((-4)/10)/(j/(-360)). What is the highest common factor of 24 and p?
24
Let x = 9 - -12. Calculate the greatest common divisor of 14 and x.
7
Let x(g) = g**3 + 12*g**2 + 11*g + 1. Let w be x(-11). Suppose -4*b + v + 81 = 0, -v - 4 = w. Calculate the greatest common divisor of b and 38.
19
Let b(c) = -c**3 - 10*c**2 - 10*c - 7. Let u be b(-9). Suppose -t + u*t = 5. What is the greatest common divisor of 55 and t?
5
Let g(q) = 2*q - 12. Let n be g(19). Calculate the greatest common divisor of 26 and n.
26
Suppose 3*t + 183 = 6*t. Let f = 15 + t. Let n(r) = 2*r + 9. Let j be n(5). What is the highest common factor of f and j?
19
Let g = -88 - -158. Suppose -8*b + 28 = -7*b. Calculate the highest common divisor of b and g.
14
Let g be (-2 + 1)*6*2/(-4). What is the highest common factor of g and 9?
3
Suppose 177 = -3*c - 285. Let q = 264 + c. Let s(y) = 2*y**2 - 2*y + 6. Let z be s(2). What is the greatest common factor of q and z?
10
Suppose 0 = 2*k + 2*w - 8, 7*w - 9 = 3*k + 3*w. Let f = 7 - k. What is the highest common factor of 4 and f?
2
Suppose 4*w = -2*l - 34, -3*l + 5*w + 11 = -4*l. Let b be l/4*(-8)/2. Let x(a) = 43*a - 1. Let r be x(1). Calculate the greatest common divisor of b and r.
21
Let m(n) = 2*n**3 + 9*n**2 + 6*n + 10. Let f be m(-4). What is the highest common factor of 2 and f?
2
Suppose p - 41 - 29 = 0. Let u be 20/8*56/5. What is the highest common factor of u and p?
14
Let m = 337 + -225. What is the highest common factor of m and 16?
16
Suppose 5*g = -3*h + 88, -4*g = 4*h - 24 - 40. Suppose -320 = -22*b + 18*b. What is the greatest common divisor of b and g?
20
Suppose 3*m + 2*m - 4*z = 20, z = 0. Suppose u - 51 = -2*s - s, 134 = m*u - 2*s. What is the highest common factor of 12 and u?
12
Let v = 5 + 4. Let t(u) = -u**3 - 6*u**2 - 4*u + 4. Let q = -10 - -3. Let x be t(q). Calculate the greatest common factor of v and x.
9
Suppose 2*f - 13 = -5*l, 5*f - l = -0*l + 19. Let g be f/8 - (-34)/4. What is the highest common divisor of 63 and g?
9
Let s be ((-20)/(-2)*-4)/(10/(-25)). Calculate the highest common factor of s and 25.
25
Let l be 1183/39 + (-1)/3. Calculate the highest common divisor of 12 and l.
6
Suppose 3*r = 6*j - j - 149, -j - 2*r = -22. Let t be 14*-2*(-3)/12. Calculate the highest common divisor of t and j.
7
Let k = -5 - -9. Suppose -x + k = -34. Suppose 0*u + x = p - 5*u, -78 = -5*p - 3*u. Calculate the greatest common divisor of p and 9.
9
Let b = 161 - -729. Suppose -4*w + 33 = -3*s + 7, -2*w - 5*s = 0. Suppose -285 + b = w*y. What is the greatest common divisor of 11 and y?
11
Suppose -y + 3*y = 0. Suppose y = -7*a + 3*a - 284. Let q = a - -151. Calculate the greatest common divisor of q and 16.
16
Suppose -54 = -k - 2*c, 5*k - 2*c - 295 = 11. Suppose 0*h = -5*h + 60. What is the greatest common divisor of k and h?
12
Suppose -t + 3*t - 26 = 0. Let a = t - 6. What is the highest common factor of a and 35?
7
Let z be 2/(-1) + 1 + 15. Suppose 6 + z = 4*r. Calculate the highest common factor of r and 55.
5
Let i = 38 + -15. Let w = 40 - i. Suppose 0 = -4*g - 5*z + w + 7, 0 = -4*g + z + 48. What is the highest common factor of g and 121?
11
Let s(t) = -3*t + 24. Let y be s(-7). Calculate the greatest common divisor of 30 and y.
15
Let k(i) = i + 34. Let w be k(-16). Calculate the greatest common factor of 9 and w.
9
Suppose -6 = -2*l - 4*z + 4, 2*l - 20 = z. Calculate the greatest common divisor of 36 and l.
9
Suppose -9*v = -5*v + 108. Let x = -23 - v. Let g be (-56)/(-10) + (-6)/(-15). Calculate the highest common divisor of g and x.
2
Suppose 3*y - 196 = -16. Calculate the highest common divisor of y and 150.
30
Let w be -1 + (0 + 1 - -88). Suppose y - 5*y = 0. Suppose -2*n = 4*g - 24, -5*n - g + 3 + 39 = y. What is the greatest common factor of w and n?
8
Let m = -18 + 19. Calculate the greatest common divisor of 2 and m.
1
Let h(z) be the first derivative of -z**2/2 - 1. Let f be h(-9). Let k be (2 - 4)/(4 + -6). What is the highest common divisor of k and f?
1
Suppose 0 = 2*z - 6*p + 5*p + 3, 2*p = z. Suppose j = 2*v + 5 - 2, -5*v + 5*j = 15. Let m be 1 - z - (0 + v). What is the greatest common divisor of m and 27?
3
Suppose 0 = 3*t + 2*t - 30. Suppose -2*s + 14 = t. Suppose 3*f - s*f + 75 = 0. What is the highest common factor of 30 and f?
15
Suppose 18*t = 26*t - 784. Calculate the highest common factor of 42 and t.
14
Suppose 5*l + 0*l - 5*h = 115, l = -4*h + 8. Calculate the greatest common factor of 15 and l.
5
Let j(d) = -2*d + 3. Let n be j(0). Suppose -n*o + 232 = 16. Let w(h) = h**2 + 5*h + 2. Let b be w(-6). What is the highest common divisor of o and b?
8
Suppose -3*w + 9 + 9 = 0. What is the greatest common factor of w and 3?
3
Suppose 3*v + 2 + 1 = 0. Let r be (6 - v) + (-2 - -5). Calculate the greatest common factor of r and 2.
2
Suppose z = -2*y + 220, 3*y + 26 = -5*z + 356. What is the greatest common factor of y and 10?
10
Suppose -13*y + 11*y = -22. Calculate the highest common divisor of y and 88.
11
Let r(u) = -12*u**3 - 3*u - 2. Let c be r(-1). Calculate the highest common factor of c and 26.
13
Let c(b) = 3*b + 11. Let u be c(-3). Let m = 2 - 0. Calculate the highest common factor of m and u.
2
Suppose -5*d + 116 = -4. Let a be (68/3)/(4/d). Suppose 2*l - 18 = -4*t, -6*l + 35 = -3*l + 4*t. What is the highest common factor of l and a?
17
Suppose l - 23 - 23 = 0. What is the highest common divisor of l and 23?
23
Let m(b) = -b + 27. Let q be m(9). What is the highest common factor of q and 162?
18
Suppose b + 6 = 2*b. What is the highest common facto